*s**3 + 2*s**3. Suppose 0 = -3*z + 22 + 26. Suppose 0 = -p + 3, m + 3*p + 2*p = z. Calculate d(m).
-1
Let a(n) = -6. Let f(d) = -d - 31. Let q(v) = -11*a(v) + 2*f(v). Let u be (25 + -33)*2/(-4). Determine q(u).
-4
Suppose -3*n = -6*n + 3. Let s(a) = -8*a**3 - 112*a**2 + 114*a**2 - 4 + 3. Give s(n).
-7
Let a be ((-3)/(-15))/(4/10). Let d(q) be the second derivative of -a*q**3 + 0 - 1/12*q**4 - 1/2*q**2 - 2*q. Give d(-2).
1
Let f(y) = y**3 - 4*y**2 + 2*y + 3. Let b be f(3). Let m(l) = -3*l - 2 + 1 + b. Let i(h) = -h**3 - 6*h**2 + 8*h + 6. Let a be i(-7). Determine m(a).
2
Suppose 0*q = 5*q + 15. Let g(l) = 6*l - 7. Let k(y) = -y + 1. Let j(r) = 6*g(r) + 39*k(r). What is j(q)?
6
Let i(n) = n**3 + n**2 - n - 7. Let a(c) = 2*c - 12. Let z be a(6). Let p be (z - 0)/((-16)/8). Give i(p).
-7
Let p be 1 - -2*2/4. Let u(x) = 3*x**2 + 5*x. Let s(t) = t**2. Let c(k) = p*s(k) - u(k). Calculate c(-6).
-6
Let x(i) be the second derivative of 0 - 2*i + 0*i**4 - 1/60*i**5 + 1/3*i**3 + 0*i**2. Let s(f) be the second derivative of x(f). Give s(-2).
4
Let l(c) = 7*c**2 - 5*c. Let f(b) = -b**2. Let q(t) = -6*f(t) - l(t). Suppose 12 - 3 = 3*i. Calculate q(i).
6
Let z = -10 + 12. Let t(p) = 7*p + 1. Determine t(z).
15
Let n be 0/((-1)/(-4 - -3)). Suppose n = -2*s + 5*u + 1, -3*u + 9 = 2*s - 0*s. Let y(j) = j**3 - 3*j**2 + j + 1. Determine y(s).
4
Let n be 9/((-14)/4 + 2). Let x(m) = m + 1. What is x(n)?
-5
Let g(q) = -q**2 - 10*q - 6. Let i = -12 - -3. Calculate g(i).
3
Let g = -16 + -1. Let j = 7 + g. Let b = -6 - j. Let h(i) = i**2 - 7*i + 5. Determine h(b).
-7
Suppose -i + 5*v + 3 = -17, 5*i - v = -20. Let j(u) = -u**2 - 4*u + 7. Calculate j(i).
2
Let u(g) = 14*g - 5. Let s(k) = 5*k - 2. Let d(w) = -8*s(w) + 3*u(w). Let j(c) = -c**3 - 3*c + 3. Let r be j(0). Calculate d(r).
7
Let c(l) = -l**2 + 5*l + 5. Let v = -40 - -85. Let p be (-10)/v - 47/(-9). What is c(p)?
5
Let d(m) = -5*m + 9. Let s(t) = -9*t + 18. Let o(f) = -5*d(f) + 3*s(f). Let x(r) = 3*r - 10. Let p(n) = 4*o(n) + 3*x(n). Calculate p(-6).
0
Let z(i) = 2*i. Let v be z(-4). Let k = -13 - v. Let x(a) = a + 5. What is x(k)?
0
Let q(y) = -y**3 - 4*y**2 - 4*y. Let v be 2*(2 + 1)*1. Suppose -8*b - 10 = -4*b - 5*s, 0 = 4*b - 2*s + 4. Suppose b*p = -2*p - v. Calculate q(p).
3
Let m(d) = 2*d**2 + 2*d**2 + 1 - d**2 + d**2. Give m(-1).
5
Let r = -1 + 4. Let z(n) be the third derivative of n**6/120 - n**5/20 + n**4/24 - 2*n**2. Calculate z(r).
3
Suppose w + 17 = 3*a + 72, -a - 17 = w. Let x be 4/(-18) + (-58)/a. Let u(g) = g**2 - g - 3. Calculate u(x).
3
Let m(v) = -v**2 + 7*v - 2. Let t = 2 - 5. Let b(c) = -c + 2. Let k be b(t). Suppose -y = k*o - 6, -y = -6*y - o + 30. Calculate m(y).
4
Let x(p) = 3*p + 2. Let q(k) = 16*k + 10. Suppose r = -r - 6. Let u(m) = r*q(m) + 14*x(m). Determine u(-2).
10
Let b(w) = -7*w. Let m(u) = 8*u + 1. Let x(z) = 3*b(z) + 2*m(z). Determine x(2).
-8
Let c = -1 + 3. Let q = 7 + -2. Let f(h) = -h**2 - q*h - 8 + 4*h + 6 + h**3. Determine f(c).
0
Let q(s) = -7*s**3 - s + 2. Let l(w) = -15*w**3 + w**2 - 2*w + 4. Let n(y) = 6*l(y) - 13*q(y). Calculate n(-6).
-8
Let b be (-6)/6*2/((-12)/15). Let d(y) be the first derivative of 4 - b*y**2 - 3*y + 1/3*y**3. What is d(5)?
-3
Let d = 16 + -12. Let f be 0/4 - -1*2. Let x(n) = -3 - 4*n + 3*n**2 + 2*n**2 - 4*n**f. What is x(d)?
-3
Let b(c) = -c**3 + c**2. Let g be b(1). Suppose g = 5*r - 4*y - 7, -4*y = 5*r - 14 - 9. Suppose -2*u - r*u - 5 = 0. Let f(i) = -4*i + 1. Calculate f(u).
5
Let m(b) = -b + 2. Let f(h) be the first derivative of h**3/3 + 4*h**2 + 3*h - 1. Let c be f(-7). Determine m(c).
6
Let c = -14 + 21. Suppose 3*x + c + 11 = 0. Let r(h) = h**3 + 5*h**2 - 8*h - 8. Give r(x).
4
Let f be 185/(-35) - ((-32)/14 + 2). Let y(q) = q**2 + 6*q - 3. Give y(f).
-8
Let s(u) be the second derivative of -u**4/12 - 5*u**3/6 + 2*u**2 - u. Calculate s(-5).
4
Let z(y) be the first derivative of y**3/3 - y**2/2 - 22*y + 7. Calculate z(0).
-22
Let o be 1/((-4)/64) + 1. Let n = o + 13. Let i(p) = 3*p + 3. Determine i(n).
-3
Let x(w) be the first derivative of 4*w**2 - w - 2. Let b(j) = j - 1. Let c be b(6). Suppose c = 4*z + z. What is x(z)?
7
Let j(b) = -10*b - 10. Let n(x) = -x + 13. Let f be n(6). Let p(h) = -3 + 2 - 2 - 3*h. Let u(g) = f*p(g) - 2*j(g). Determine u(3).
-4
Let b(f) = f**3 + 7*f**2 - 9*f - 3. Let a be b(-8). Let v(z) = a*z + z - z + z. Determine v(1).
6
Let b(s) = s**3 - 2*s**2 - 4*s - 4. Let j be b(4). Let i be (j/(-15))/1*-5. Let h(n) = n**2 - 6*n + 1. What is h(i)?
-7
Let s be (0 + -1)*3/(-1). Suppose s*b = -i + 2*i + 3, 2*b = -2*i + 2. Let f(q) = i - 3 - 2*q + 8*q - q**2. Give f(3).
6
Let j = -13 - -20. Suppose 4*w + 5*v - j = 0, -5*v - 4 = -19. Let a(n) = n + 9. Let p(f) = 5. Let m(z) = 4*a(z) - 7*p(z). What is m(w)?
-7
Suppose 15*r = 16*r - 4. Let o(i) = 4*i - 6. Calculate o(r).
10
Suppose 18*a + 38 = -70. Let u(b) = -5*b - 5. Let l(p) = -2*p - 2. Let t(o) = -8*l(o) + 3*u(o). Give t(a).
-5
Let l(k) = -2*k**2 - k. Suppose -2*z - 8 = -6. Calculate l(z).
-1
Let j = 2 + 0. Let t be (-10)/(j + -2 + -2). Let u(c) = 7*c**2 + 3*c - 6. Let z(i) = -15*i**2 - 7*i + 12. Let f(h) = 13*u(h) + 6*z(h). Determine f(t).
4
Let u(i) = i**2 - 3*i - 3. Let b be (4/(-6))/(3/(-36)). Let x = -3 + b. Determine u(x).
7
Let a(y) = 7*y**2 + 4. Let d(q) = -8*q**2 - 3. Let c(g) = 4*a(g) + 5*d(g). Let k be 3*(-2 - 21/(-18)*2). Determine c(k).
-11
Suppose -6 = -v - 0*v + h, 3*h - 12 = -3*v. Suppose 5*u - 4*w = -6, 2*w = -v*u - 7 - 5. Let f(t) = -t**3 - 2*t**2 - 2*t - 3. Give f(u).
1
Let i(f) = -5*f - 1. Let o(y) = y. Let h(q) = i(q) - 2*o(q). Let v be (-1 - 3/(-6))*-4. Determine h(v).
-15
Let g(k) = -k**2 - 10. Let n(d) = d**3 - 1. Let h be (4/(-12))/((-1)/3). Let j be n(h). What is g(j)?
-10
Let y(w) = -6*w + 15. Let k be y(6). Let l = k - -18. Let t(v) = v. Give t(l).
-3
Let j be 4/6 + 10/(-6). Let z = 0 - j. Let i(o) = o + z + 0 + 0 - 4*o**2. Determine i(-1).
-4
Suppose 0 = -5*o - 2*f + 4*f + 27, 0 = 5*o + 3*f - 22. Suppose 4*q - o + 1 = 0. Let j(k) = -3*k**3 - 2*k + 1. What is j(q)?
-4
Let u(t) be the first derivative of 1/3*t**3 + 1/2*t**2 - 1 - 3*t + 1/4*t**4. What is u(0)?
-3
Let c(k) = -k**2 - 6. Let f be c(0). Let u(w) = w**3 + 5*w**2 - 7*w - 4. Let o be u(f). Let p(m) = -m**2 + 2. Calculate p(o).
-2
Let m(x) = -8*x**3 - 2*x**2 - x. Let p(c) = c - 3. Let s be p(3). Suppose 2*j + s*j = 4. Let f be -1 - (2/1 - j). Give m(f).
7
Let a(t) = -6*t - 1. Let s be a(-1). Let f(l) be the first derivative of -l**2/2 + 4*l + 8. Give f(s).
-1
Let n(v) = 231 - 8*v - 231. Give n(-1).
8
Suppose 0 = -3*t - t - 24. Let f(v) = 2 + v - 4 - 1. What is f(t)?
-9
Let g(i) = 5 - 4*i - 2 + i**2 + 6*i. Let v(p) = p**3 - p**2 - p + 2. Let n be v(2). Suppose 0 = 8*k - n*k + 8. Give g(k).
3
Let p(f) = f**3 + 2*f**2 - 3 + 4*f - 2*f**3 + 6 - 4. What is p(3)?
2
Let d(h) = -7*h**3 + 11*h**2 - 3*h + 4. Let x(u) = -13*u**3 + 21*u**2 - 6*u + 8. Let m(c) = -11*d(c) + 6*x(c). Give m(4).
8
Let u(l) = 9 - 1 - l**2 - 2 + 5*l. Let f be u(6). Let s(d) be the third derivative of -d**4/24 + d**2. Determine s(f).
0
Let a(j) = 5*j + 1. Let r(s) = -s**2 - 6*s - 5. Let b be r(-4). Suppose -3*p - b*p = 12. What is a(p)?
-9
Let w = -20 - -45. Suppose -c + w = -6*c. Let f(q) = -1 - q + 0 + 6. Determine f(c).
10
Let l(o) = o**3 - 7*o**2 + 4*o + 7. Suppose -5*a = 51 - 81. What is l(a)?
-5
Suppose -f = 3*f + 20. Let x = f - 0. Let n(m) = m + 2. Determine n(x).
-3
Let p(o) = 3*o + 7. Let y be (4 + -7)*1*6. Let x = y - -12. Determine p(x).
-11
Suppose 0 = -w - 3*w - 4*l + 4, 3*l + 1 = -w. Let f be (1*w)/((-6)/(-12)). Let h(v) = -v**2 + 3 - 3*v + 5*v + 1. Give h(f).
-4
Let w(a) = a**3 + 8*a**2 - 3. Let c be -18 + 8 - (1 - 3). Determine w(c).
-3
Let n(t) = -t + 1. Let u(p) = -p. Let i(g) = -n(g) + 2*u(g). Give i(-4).
3
Let o(r) = -r**2 + 11*r - 4. Let n be o(7). Suppose 12*t + n = 8*t. Let d(g) = g + 7. Give d(t).
1
Let i(y) = 6*y - 1. Let w(a) = 11*a + 1. Let l be w(-2). Let m = 19 + l. Calculate i(m).
-13
Let y = 2 - 2. Let i(b) = 4*b + 6. Let h(j) = 11*j + 17. Let g(k) = -3*h(k) + 8*i(k). Give g(y).
-3
Suppose 5 + 4 = n. Let m be (n/3)/3*-4. Let d(g) = -g**2 - 8*g - 3. Give d(m).
13
Suppose 0*m + 6 = 3*m. Let x be 3/(12/2)*m. Let k(z) = -2*z**2 + 2 + 7*z**3 - 3 + 4*z**2. Give k(x).
8
Let n(k) be the third der